{"id":22,"date":"2020-01-12T10:40:16","date_gmt":"2020-01-12T08:40:16","guid":{"rendered":"http:\/\/rundesache-coaching.de\/?page_id=22"},"modified":"2020-01-14T09:36:11","modified_gmt":"2020-01-14T07:36:11","slug":"coaching","status":"publish","type":"page","link":"https:\/\/rundesache-coaching.de\/?page_id=22","title":{"rendered":"Coaching"},"content":{"rendered":"<p><img loading=\"lazy\" decoding=\"async\" class=\"alignnone size-full wp-image-23\" src=\"http:\/\/rundesache-coaching.de\/wp-content\/uploads\/2020\/01\/coaching.jpg\" alt=\"\" width=\"1600\" height=\"600\" \/><\/p>\n<h1>Was ist Coaching?<\/h1>\n<p>Ein Coaching setzt sich aus der Summe folgender Eigenschaften zusammen, die Voraussetzung f\u00fcr einen gelingenden Beratungsprozess bilden<\/p>\n<h2>Interaktion auf Augenh\u00f6he<\/h2>\n<p>Coaching ist ein interaktiver Beratungs- und Begleitungsprozess, der berufliche und auch private Inhalte umfassen kann. Im Vordergrund steht die berufliche Rolle bzw. damit zusammenh\u00e4ngende aktuelle Anliegen des\/der Klienten*in. Dabei arbeiten Coach und Klient*in auf Augenh\u00f6he zusammen.<\/p>\n<h2>Prozessberatung<\/h2>\n<p>Coaching ist ein individueller Beratungsprozess und richtet sich nach den jeweiligen Bed\u00fcrfnissen des\/ der Klienten*in. Dabei ist es Aufgabe des Coachs, den Prozess so zu begleiten, dass der\/die Klient*in eigene L\u00f6sungswege entwickelt und in der Folge auch umsetzen kann.<\/p>\n<h2>Ressourcen- und L\u00f6sungsorientierung<\/h2>\n<p>Coaching ist Ressourcen \u2013 und l\u00f6sungsorientiert. Es dient dem Erreichen definierter Ziele, die f\u00fcr die weitere Selbstentwicklung des\/ der Klient*in von Bedeutung sind.<\/p>\n<h2>Beziehung<\/h2>\n<p>Coaching findet auf der Basis einer tragf\u00e4higen und durch gegenseitige Akzeptanz, Wertsch\u00e4tzung und Vertrauen gekennzeichneten Beziehung statt und basiert auf dem Prinzip der Freiwilligkeit. Nur dann tr\u00e4gt ein Coaching auch Fr\u00fcchte.<\/p>\n<h2>Transparente Methoden<\/h2>\n<p>Coaching arbeitet mit Methoden, die dem \/der Klient*in den Raum zur Exploration neuer Erkenntnisse und Handlungsm\u00f6glichkeiten geben.<\/p>\n<h2>Dauer<\/h2>\n<p>Coaching ist ein Prozess und findet \u00fcber mehrere Sitzungen statt. Die Dauer h\u00e4ngt wesentlich vom jeweiligen Anliegen ab. Dabei gilt auch hier im Sinne der Freiwilligkeit und Selbstbestimmung der formulierte Bedarf des\/der Kund*in.<\/p>\n<h2>Zielsetzung<\/h2>\n<p>Coaching hat zum Ziel Klienten*innen dabei zu unterst\u00fctzen, f\u00fcr das jeweilige Anliegen und Problem eine passende und stimmige L\u00f6sung zu entwickeln und bei der Umsetzung der gew\u00fcnschten Ver\u00e4nderungen so lange zu begleiten wie dies die Klienten*innen w\u00fcnschen oder das vereinbarte Ziel erreicht ist. Dabei zielt Coaching immer auf die Verbesserung der Selbstwahrnehmungs- und Selbstreflexionsf\u00e4higkeit ab, um bspw. \u201eblinde Flecken\u201c aufzudecken, bisher vernachl\u00e4ssigte Aspekte zu w\u00fcrdigen und neue Erkenntnisse zu gewinnen , die in der Folge dann auch ver\u00e4nderte Verhaltensweisen und Handlungsspielr\u00e4ume erm\u00f6glichen. Nur so lassen sich Probleme langfristig l\u00f6sen und f\u00f6rdern Motivation und Zufriedenheit im Beruf und auch Privatleben.<\/p>\n<h1>Was kann Coaching nicht leisten?<\/h1>\n<p>Coaching als eine Form der Beratung ersetzt keine Psychotherapie und richtet sich ausschlie\u00dflich an \u201egesunde\u201c Menschen.<\/p>\n<p>Psychische Erkrankungen sowie die therapeutische Aufarbeitung der Lebensgeschichte oder auch traumatischer Erfahrungen eines Menschen geh\u00f6rt ausschlie\u00dflich in die H\u00e4nde von ausgebildeten Psychotherapeuten*innen, \u00c4rzten*innen und medizinischen Institutionen. In solchen F\u00e4llen wenden Sie sich bitte an die entsprechenden Fachkr\u00e4fte.<\/p>\n<hr \/>\n<p style=\"text-align: center;\"><strong><a href=\"http:\/\/rundesache-coaching.de\/?page_id=53\">EINZELCOACHING\u00a0\u00a0<\/a> &#8211;\u00a0\u00a0 <a href=\"https:\/\/rundesache-coaching.de\/?page_id=55\">TEAMCOACHING<\/a>\u00a0 &#8211;\u00a0 <a href=\"http:\/\/rundesache-coaching.de\/?page_id=105\">COACHING IN DER NATUR<\/a><\/strong><\/p>\n","protected":false},"excerpt":{"rendered":"<p>Was ist Coaching? Ein Coaching setzt sich aus der Summe folgender Eigenschaften zusammen, die Voraussetzung f\u00fcr einen gelingenden Beratungsprozess bilden Interaktion auf Augenh\u00f6he Coaching ist ein interaktiver Beratungs- und Begleitungsprozess, der berufliche und auch private Inhalte umfassen kann. Im Vordergrund steht die berufliche Rolle bzw. damit zusammenh\u00e4ngende aktuelle Anliegen des\/der Klienten*in. Dabei arbeiten Coach und &#8230; <a title=\"Coaching\" class=\"read-more\" href=\"https:\/\/rundesache-coaching.de\/?page_id=22\" aria-label=\"Mehr Informationen \u00fcber Coaching\">Weiterlesen &#8230;<\/a><\/p>\n","protected":false},"author":2,"featured_media":0,"parent":0,"menu_order":0,"comment_status":"closed","ping_status":"closed","template":"","meta":{"footnotes":""},"class_list":["post-22","page","type-page","status-publish"],"_links":{"self":[{"href":"https:\/\/rundesache-coaching.de\/index.php?rest_route=\/wp\/v2\/pages\/22","targetHints":{"allow":["GET"]}}],"collection":[{"href":"https:\/\/rundesache-coaching.de\/index.php?rest_route=\/wp\/v2\/pages"}],"about":[{"href":"https:\/\/rundesache-coaching.de\/index.php?rest_route=\/wp\/v2\/types\/page"}],"author":[{"embeddable":true,"href":"https:\/\/rundesache-coaching.de\/index.php?rest_route=\/wp\/v2\/users\/2"}],"replies":[{"embeddable":true,"href":"https:\/\/rundesache-coaching.de\/index.php?rest_route=%2Fwp%2Fv2%2Fcomments&post=22"}],"version-history":[{"count":6,"href":"https:\/\/rundesache-coaching.de\/index.php?rest_route=\/wp\/v2\/pages\/22\/revisions"}],"predecessor-version":[{"id":107,"href":"https:\/\/rundesache-coaching.de\/index.php?rest_route=\/wp\/v2\/pages\/22\/revisions\/107"}],"wp:attachment":[{"href":"https:\/\/rundesache-coaching.de\/index.php?rest_route=%2Fwp%2Fv2%2Fmedia&parent=22"}],"curies":[{"name":"wp","href":"https:\/\/api.w.org\/{rel}","templated":true}]}}