{"id":349,"date":"2022-08-24T15:26:33","date_gmt":"2022-08-24T13:26:33","guid":{"rendered":"https:\/\/rundesache-coaching.de\/?page_id=349"},"modified":"2023-01-13T12:30:18","modified_gmt":"2023-01-13T10:30:18","slug":"vita","status":"publish","type":"page","link":"https:\/\/rundesache-coaching.de\/?page_id=349","title":{"rendered":"Vita"},"content":{"rendered":"<p>&nbsp;<\/p>\n<p>geboren 1966, verheiratet, zwei Kinder<\/p>\n<p>seit 2020 selbstst\u00e4ndig als Coach, Beraterin und Moderatorin in unterschiedlichen p\u00e4dagogischen Einrichtungen und Vereinen<\/p>\n<p>langj\u00e4hrige T\u00e4tigkeit in der Kinder- und Jugendhilfe, insbesondere in der Beratung von Eltern und p\u00e4dagogischen Fachkr\u00e4ften<\/p>\n<p>langj\u00e4hrige Erfahrung in der Fr\u00fchf\u00f6rderung, Sozialp\u00e4diatrie sowie in der Netzwerkarbeit zur multiprofessionellen Zusammenarbeit und Konzeptentwicklung von Hilfs- und Unterst\u00fctzungsangeboten f\u00fcr Familie<\/p>\n<p>Weiterbildung als personzentrierte Coach bei der Gesellschaft f\u00fcr personzentrierte Psychotherapie und Beratung e.V. (GwG e.V., K\u00f6ln)<\/p>\n<p>seit Nov. 2021 Weiterbildung <em>\u201eFocusing-orientierte Prozessbegleitung in Beratung und Therapie\u201c,<\/em> Frankfurt University of Applied Sciences (zertifiziert durch die GwG e.V.)<\/p>\n<p><a href=\"https:\/\/rundesache-coaching.de\/wp-content\/uploads\/2023\/01\/Kurzprofil-Sabine-Strohmenger.pdf\">Kurzprofil <\/a><\/p>\n<p><a href=\"https:\/\/rundesache-coaching.de\/wp-content\/uploads\/2022\/08\/Infoflyer_Runde_Sache.pdf\">Infoflyer_Runde_Sache<\/a><\/p>\n<p>Mitgliedschaft: Gesellschaft f\u00fcr personzentrierte Psychotherapie und Beratung e.V. (GwG, K\u00f6ln)<\/p>\n<p>Publikationen: <a href=\"https:\/\/rundesache-coaching.de\/wp-content\/uploads\/2022\/08\/GPB_2020-4_Aus_der_Praxis_Strohmenger-1.pdf\">GPB_2020-4_Aus_der_Praxis_Strohmenger (1)<\/a><\/p>\n","protected":false},"excerpt":{"rendered":"<p>&nbsp; geboren 1966, verheiratet, zwei Kinder seit 2020 selbstst\u00e4ndig als Coach, Beraterin und Moderatorin in unterschiedlichen p\u00e4dagogischen Einrichtungen und Vereinen langj\u00e4hrige T\u00e4tigkeit in der Kinder- und Jugendhilfe, insbesondere in der Beratung von Eltern und p\u00e4dagogischen Fachkr\u00e4ften langj\u00e4hrige Erfahrung in der Fr\u00fchf\u00f6rderung, Sozialp\u00e4diatrie sowie in der Netzwerkarbeit zur multiprofessionellen Zusammenarbeit und Konzeptentwicklung von Hilfs- und Unterst\u00fctzungsangeboten &#8230; <a title=\"Vita\" class=\"read-more\" href=\"https:\/\/rundesache-coaching.de\/?page_id=349\" aria-label=\"Mehr Informationen \u00fcber Vita\">Weiterlesen &#8230;<\/a><\/p>\n","protected":false},"author":4,"featured_media":0,"parent":0,"menu_order":0,"comment_status":"closed","ping_status":"closed","template":"","meta":{"footnotes":""},"class_list":["post-349","page","type-page","status-publish"],"_links":{"self":[{"href":"https:\/\/rundesache-coaching.de\/index.php?rest_route=\/wp\/v2\/pages\/349","targetHints":{"allow":["GET"]}}],"collection":[{"href":"https:\/\/rundesache-coaching.de\/index.php?rest_route=\/wp\/v2\/pages"}],"about":[{"href":"https:\/\/rundesache-coaching.de\/index.php?rest_route=\/wp\/v2\/types\/page"}],"author":[{"embeddable":true,"href":"https:\/\/rundesache-coaching.de\/index.php?rest_route=\/wp\/v2\/users\/4"}],"replies":[{"embeddable":true,"href":"https:\/\/rundesache-coaching.de\/index.php?rest_route=%2Fwp%2Fv2%2Fcomments&post=349"}],"version-history":[{"count":10,"href":"https:\/\/rundesache-coaching.de\/index.php?rest_route=\/wp\/v2\/pages\/349\/revisions"}],"predecessor-version":[{"id":436,"href":"https:\/\/rundesache-coaching.de\/index.php?rest_route=\/wp\/v2\/pages\/349\/revisions\/436"}],"wp:attachment":[{"href":"https:\/\/rundesache-coaching.de\/index.php?rest_route=%2Fwp%2Fv2%2Fmedia&parent=349"}],"curies":[{"name":"wp","href":"https:\/\/api.w.org\/{rel}","templated":true}]}}

<p>&nbsp;</p>
<p>geboren 1966, verheiratet, zwei Kinder</p>
<p>seit 2020 selbstständig als Coach, Beraterin und Moderatorin in unterschiedlichen pädagogischen Einrichtungen und Vereinen</p>
<p>langjährige Tätigkeit in der Kinder- und Jugendhilfe, insbesondere in der Beratung von Eltern und pädagogischen Fachkräften</p>
<p>langjährige Erfahrung in der Frühförderung, Sozialpädiatrie sowie in der Netzwerkarbeit zur multiprofessionellen Zusammenarbeit und Konzeptentwicklung von Hilfs- und Unterstützungsangeboten für Familie</p>
<p>Weiterbildung als personzentrierte Coach bei der Gesellschaft für personzentrierte Psychotherapie und Beratung e.V. (GwG e.V., Köln)</p>
<p>seit Nov. 2021 Weiterbildung <em>„Focusing-orientierte Prozessbegleitung in Beratung und Therapie“,</em> Frankfurt University of Applied Sciences (zertifiziert durch die GwG e.V.)</p>
<p><a href="https://rundesache-coaching.de/wp-content/uploads/2023/01/Kurzprofil-Sabine-Strohmenger.pdf">Kurzprofil </a></p>
<p><a href="https://rundesache-coaching.de/wp-content/uploads/2022/08/Infoflyer_Runde_Sache.pdf">Infoflyer_Runde_Sache</a></p>
<p>Mitgliedschaft: Gesellschaft für personzentrierte Psychotherapie und Beratung e.V. (GwG, Köln)</p>
<p>Publikationen: <a href="https://rundesache-coaching.de/wp-content/uploads/2022/08/GPB_2020-4_Aus_der_Praxis_Strohmenger-1.pdf">GPB_2020-4_Aus_der_Praxis_Strohmenger (1)</a></p>

<p>&nbsp; geboren 1966, verheiratet, zwei Kinder seit 2020 selbstständig als Coach, Beraterin und Moderatorin in unterschiedlichen pädagogischen Einrichtungen und Vereinen langjährige Tätigkeit in der Kinder- und Jugendhilfe, insbesondere in der Beratung von Eltern und pädagogischen Fachkräften langjährige Erfahrung in der Frühförderung, Sozialpädiatrie sowie in der Netzwerkarbeit zur multiprofessionellen Zusammenarbeit und Konzeptentwicklung von Hilfs- und Unterstützungsangeboten &#8230; <a title="Vita" class="read-more" href="https://rundesache-coaching.de/?page_id=349" aria-label="Mehr Informationen über Vita">Weiterlesen &#8230;</a></p>
