{"id":55,"date":"2020-01-12T11:42:37","date_gmt":"2020-01-12T09:42:37","guid":{"rendered":"http:\/\/rundesache-coaching.de\/?page_id=55"},"modified":"2020-01-12T12:12:38","modified_gmt":"2020-01-12T10:12:38","slug":"teamcoaching","status":"publish","type":"page","link":"https:\/\/rundesache-coaching.de\/?page_id=55","title":{"rendered":"Teamcoaching"},"content":{"rendered":"<p><img loading=\"lazy\" decoding=\"async\" class=\"alignnone size-full wp-image-23\" src=\"http:\/\/rundesache-coaching.de\/wp-content\/uploads\/2020\/01\/coaching.jpg\" alt=\"\" width=\"1600\" height=\"600\" \/><\/p>\n<p>Beim Teamcoaching haben alle Teammitglieder die Chance, sich in einem anderen als in dem gewohnten Arbeitszusammenhang zu begegnen. Es geht darum, neue, unerwartete Sichtweisen sowie Seiten des Teams zu erleben und positiv in den Arbeitsalltag und dessen Bewertung zu integrieren. Hierbei werden st\u00e4rkende soziale Erfahrungen gef\u00f6rdert und bisher ungenutzte Ressourcen aktiviert.<\/p>\n<h3>Anl\u00e4sse f\u00fcr ein Teamcoaching k\u00f6nnen sein:<\/h3>\n<ul>\n<li>Teamneugr\u00fcndungen<\/li>\n<li>Unterst\u00fctzung bei der Teamentwicklung<\/li>\n<li>Verbesserung der Kommunikation<\/li>\n<li>F\u00f6rderung eines respektvollen und offenen Umgangs sowie der Akzeptanz f\u00fcr verschiedene Betrachtungsweisen<\/li>\n<li>Gestaltung einer effizienten und zielorientierten Zusammenarbeit<\/li>\n<li>Erarbeitung sachorientierter und konstruktiver L\u00f6sungen bei Konflikten<\/li>\n<li>F\u00f6rderung der Motivation<\/li>\n<li><strong>\u2026<\/strong><\/li>\n<\/ul>\n<p>Das Teamcoaching bietet einen gesch\u00fctzten Rahmen, in dem sich jedes Teammitglied aktiv einbringen kann. Zentrales Anliegen dabei ist, Erkenntnisse zu gewinnen, die von allen Beteiligten als Gewinn empfunden werden.<\/p>\n<p>Bei Interesse an einem Teamcoaching nehmen Sie gerne Kontakt zu mir auf, um das weitere Vorgehen zu Ihrem Anliegen zu kl\u00e4ren und gemeinsam Ideen f\u00fcr die Prozessgestaltung zu entwickeln.<\/p>\n","protected":false},"excerpt":{"rendered":"<p>Beim Teamcoaching haben alle Teammitglieder die Chance, sich in einem anderen als in dem gewohnten Arbeitszusammenhang zu begegnen. Es geht darum, neue, unerwartete Sichtweisen sowie Seiten des Teams zu erleben und positiv in den Arbeitsalltag und dessen Bewertung zu integrieren. Hierbei werden st\u00e4rkende soziale Erfahrungen gef\u00f6rdert und bisher ungenutzte Ressourcen aktiviert. Anl\u00e4sse f\u00fcr ein Teamcoaching &#8230; <a title=\"Teamcoaching\" class=\"read-more\" href=\"https:\/\/rundesache-coaching.de\/?page_id=55\" aria-label=\"Mehr Informationen \u00fcber Teamcoaching\">Weiterlesen &#8230;<\/a><\/p>\n","protected":false},"author":2,"featured_media":0,"parent":0,"menu_order":0,"comment_status":"closed","ping_status":"closed","template":"","meta":{"footnotes":""},"class_list":["post-55","page","type-page","status-publish"],"_links":{"self":[{"href":"https:\/\/rundesache-coaching.de\/index.php?rest_route=\/wp\/v2\/pages\/55","targetHints":{"allow":["GET"]}}],"collection":[{"href":"https:\/\/rundesache-coaching.de\/index.php?rest_route=\/wp\/v2\/pages"}],"about":[{"href":"https:\/\/rundesache-coaching.de\/index.php?rest_route=\/wp\/v2\/types\/page"}],"author":[{"embeddable":true,"href":"https:\/\/rundesache-coaching.de\/index.php?rest_route=\/wp\/v2\/users\/2"}],"replies":[{"embeddable":true,"href":"https:\/\/rundesache-coaching.de\/index.php?rest_route=%2Fwp%2Fv2%2Fcomments&post=55"}],"version-history":[{"count":2,"href":"https:\/\/rundesache-coaching.de\/index.php?rest_route=\/wp\/v2\/pages\/55\/revisions"}],"predecessor-version":[{"id":88,"href":"https:\/\/rundesache-coaching.de\/index.php?rest_route=\/wp\/v2\/pages\/55\/revisions\/88"}],"wp:attachment":[{"href":"https:\/\/rundesache-coaching.de\/index.php?rest_route=%2Fwp%2Fv2%2Fmedia&parent=55"}],"curies":[{"name":"wp","href":"https:\/\/api.w.org\/{rel}","templated":true}]}}